y -1 + (3 - y) + 8.
4
Let x(t) = -35*t**3 - 2*t - 1. Calculate the remainder when x(-1) is divided by 19.
17
Suppose 5*s - 9 = 6. Suppose 0 = -s*j - 2*j + 15. What is the remainder when 6 is divided by j?
0
Suppose -4*q - 3*i = -88, 5*q - 2*q = 5*i + 66. Calculate the remainder when 65 is divided by q.
21
Let f be 51 - ((-16)/4 + 4). Suppose -k + f = -43. What is the remainder when k is divided by 24?
22
Let w = 26 + -11. What is the remainder when 28 is divided by w?
13
Suppose 2*i - 16 = -6. Suppose -8 - 17 = -3*n + q, 0 = -i*q - 20. What is the remainder when 29 is divided by 68/n - 6/(-21)?
9
What is the remainder when 59 is divided by (-176)/(-6) - (-8)/12?
29
Let z(b) = -7*b**3 + 2*b**2 + 19. What is the remainder when z(-3) is divided by 38?
36
Let s = 2 + 3. Suppose 5*h - s*d = 135, 104 = 5*h - 4*d - 26. What is the remainder when 64 is divided by h?
20
Suppose -3*t + 4*b + 329 = 0, -4*b + 395 = 5*t - 100. Let r = t + -73. What is the remainder when r is divided by 8?
6
Let b(z) = -z**2 - 7*z + 3. Let h be 16/(-88) + 68/11. Suppose 32 = s + 2*a + h, -4*s + 104 = 4*a. What is the remainder when s is divided by b(-6)?
8
Let s(j) = 4*j**3 - 3*j**2 + j + 1. Let l(v) = 1 + 2 - 2 + 7 - v. Calculate the remainder when s(2) is divided by l(-4).
11
Suppose 17 = 2*l + 5. What is the remainder when l is divided by 2 - (1 - 0)/(-1)?
0
Suppose 0 = 4*h - 4*l - 116, -14 = -h - 4*l - 0*l. What is the remainder when h is divided by 9?
8
Suppose -4 = -2*s + 4. Calculate the remainder when 9 is divided by s.
1
Let x(o) = 2*o**2 - 5*o - 2. What is the remainder when (10/15)/(5/(570/4)) is divided by x(4)?
9
Let q(r) = r**3 - 4*r**2 + 2*r - 18. Calculate the remainder when q(6) is divided by 34.
32
Let r(d) = -d + 17. What is the remainder when r(0) is divided by 10?
7
Let r(z) = -z**3 + 8*z**2 - 8*z + 8. Let d = 11 - 9. Suppose 33 = -d*p + 5*p. Calculate the remainder when r(6) is divided by p.
10
Let k = 21 - 16. What is the remainder when 8 is divided by k?
3
Let g(x) = -16*x**3 - x**2 + x. Calculate the remainder when g(-2) is divided by 41.
40
Suppose g - q = 55, -2*g = -q - 126 + 11. Calculate the remainder when g is divided by 16.
12
Let h(x) = x - 2. Let c be h(1). Let n = c + 10. Calculate the remainder when (-4)/((-6)/(-8) + -1) is divided by n.
7
Suppose -n = -8*n + 49. Calculate the remainder when 30 is divided by n.
2
Suppose k + 23 = -0*u + u, 15 = 3*k. Suppose -u = -6*h + 2*h. What is the remainder when 13 is divided by h?
6
Let u = 14 - 12. What is the remainder when (1 + (u - -8))*1 is divided by 3?
2
Suppose -66 - 2 = -4*l. Suppose 5*g = 9*g. Suppose -1 = 3*h - 2*o - 31, 2*h + 2*o - 20 = g. Calculate the remainder when l is divided by h.
7
Suppose 2*b + 0*b - 154 = 3*n, 0 = 4*n + 16. What is the remainder when b is divided by 12?
11
Let a = 2 + 20. Calculate the remainder when 43 is divided by a.
21
Let j be (-10)/(-40) + (-5)/4. What is the remainder when 10 is divided by (-8 - -5) + (-9)/j?
4
Suppose -5*w = -w - 720. Suppose -4*m + w = 16. What is the remainder when m is divided by 22?
19
Let p = -69 - -49. Let r = -2 + p. What is the remainder when (-1)/((-1)/(r/(-1))) is divided by 12?
10
Let b(i) = -i**3 - 18*i**2 + 38*i + 3. What is the remainder when b(-20) is divided by 2/(-9) + 110/9?
7
Let y(v) = 9*v - 89. Let k(i) = -5*i + 45. Let f(b) = -7*k(b) - 4*y(b). What is the remainder when f(0) is divided by 14?
13
Suppose 85 = 5*p - 45. What is the remainder when 2/(3 - 1) + p is divided by 14?
13
Suppose 64 = 2*k - 32. What is the remainder when k is divided by 10?
8
Suppose -s + 69 = j + j, 4*j = 5*s - 317. Suppose -2*w - 21 + s = 0. What is the remainder when w is divided by 9?
4
Let t = 7 - 5. Suppose 0*q + q = -t*a + 25, 0 = -q - a + 30. Calculate the remainder when q is divided by 9.
8
Suppose 135 = 86*b - 77*b. Suppose 9 = -5*n + 4. Let l = n + 9. What is the remainder when b is divided by l?
7
Suppose -7*a + 16 = -19. Calculate the remainder when 6 is divided by a.
1
Suppose -5*f + 18 = -3*i, -4*i + 10 + 1 = 5*f. Let t be (f + -6 + 15)*4. Suppose -t = -2*y - 2*y. What is the remainder when 21 is divided by y?
9
Suppose -i = 27 - 44. Calculate the remainder when 67 is divided by i.
16
Suppose 7 + 0 = g. Suppose 0 = n - 24 + 6. What is the remainder when n is divided by g?
4
Suppose 3*n - 4*d + 10 = 346, 3*n - 321 = -d. Suppose 4*i = 4*j - n, -2*i = j + 3*i - 51. Calculate the remainder when j is divided by 17.
14
Let q(z) = -z + 16. What is the remainder when 73 is divided by q(-3)?
16
Suppose 0 = -3*q + 4*x - 14, -2*x - 11 = 3*q + 27. Let p = -5 - q. What is the remainder when (-2)/3*3/2 + 15 is divided by p?
4
Calculate the remainder when 119 is divided by (-16)/(-3)*45/12.
19
Let y(s) = 2*s + 6. Let c be y(-6). Let z(v) = -v**3 - 5*v**2 + 6*v - 3. Let a be z(c). What is the remainder when -1 + 2 + a - -27 is divided by 13?
12
Suppose -3 = -3*l + 6. Suppose -4*u + 4 = -4*b - 16, 0 = -4*u + 5*b + 17. What is the remainder when u is divided by l?
2
Calculate the remainder when (-2 - -10)*14/8 is divided by 1/((-2)/(-18)) + -1.
6
Suppose 4*p = 3*h - 23, -21 - 4 = 5*p. Calculate the remainder when 34*(h - (1 - 3)) is divided by 35.
32
Let f = 71 + -37. Calculate the remainder when f is divided by 13.
8
Suppose -3*x = 2*x - 25. Suppose -2*k = -4*k + 6. What is the remainder when x is divided by k?
2
Suppose -2*c = 4*b - 3*b - 135, -b + 2*c = -135. What is the remainder when b is divided by 23?
20
What is the remainder when 15 is divided by (-60)/9*(-48)/40?
7
Suppose -5*s + 6*s - 27 = 0. Suppose 4*g = 237 + s. Calculate the remainder when g is divided by 17.
15
Let j = 113 + -94. What is the remainder when 53 is divided by j?
15
Let p be (-1)/4 + (-75)/(-12). Suppose 0 = p*o - o - 70. Suppose -3*v + o = z, 0 = -5*z - 2*v + v + 14. What is the remainder when 2 is divided by z?
0
Let p be (-4 - -1)/((-1)/2). Let c(g) = p - 2*g - g**3 - 4*g + 2 - 7*g**2. What is the remainder when c(-6) is divided by 3?
2
Let p = -10 + 13. Suppose 0 = -s - 0 + 1, 0 = p*b - 5*s - 10. What is the remainder when 12 is divided by b?
2
Let f = 115 + -70. What is the remainder when 3 + -5 + f + 0 is divided by 11?
10
Suppose -8 - 24 = -3*f - 5*c, c + 24 = f. What is the remainder when 150 is divided by f?
17
Suppose b + a = -20, 0*a = -b + a - 26. Let h = 50 + b. Let c(u) = 4*u + 2. What is the remainder when h is divided by c(3)?
13
Suppose -289 = -5*y + 4*u, 5*u - 15 - 5 = 0. Calculate the remainder when y is divided by 21.
19
Let s be -5*(-2 - -1)*1. Suppose -s*b - 4 + 69 = 0. Let l = 19 + b. What is the remainder when l is divided by 11?
10
Let j = 2 + 1. Suppose p = 4*a - 18, p = -a + 2*p + j. Suppose -4*x - 3*h + 23 = -44, -5*h + 64 = 3*x. What is the remainder when x is divided by a?
3
Let a = 17 + -3. Suppose k = 3*k + 6. Let u = k + a. Calculate the remainder when 20 is divided by u.
9
Suppose 21 = 5*t - 44. Let h(g) = -g**2 + 12*g + 11. Calculate the remainder when h(9) is divided by t.
12
Suppose 0*d + 3*d = 120. What is the remainder when 157 is divided by d?
37
Suppose -3*d = 4*p - 2*d - 96, 119 = 5*p + d. Suppose 2*f = 3*f - 8. Calculate the remainder when p is divided by f.
7
Suppose -120 = -3*a + 231. What is the remainder when a is divided by 40?
37
Suppose 4*b + 4 = 0, g = -5*b + 4 - 3. What is the remainder when 35 is divided by ((-2)/g)/(2/(-78))?
9
Suppose 0 = -3*f - 5*w + 9, -4*f + 19 = -2*f - w. Let c(p) = -6*p + 4. Calculate the remainder when c(-3) is divided by f.
6
Suppose b - x = 15, 85 = 5*b + x - 4*x. Let c = b + -13. Suppose -c = -h - 3*s, -3*h - s + 34 = -h. What is the remainder when h is divided by 11?
8
Let o = 15 - 15. Let c(q) be the third derivative of -q**6/120 + q**5/60 + 11*q**3/6 + q**2. Calculate the remainder when c(o) is divided by 4.
3
Suppose 0 = -l + 5 + 6. Let y = 6 + l. Calculate the remainder when y is divided by 6.
5
Suppose -18 = -5*r + h + 63, -4*r + 72 = h. Calculate the remainder when (22 + 0)*15/10 is divided by r.
16
Let k(y) = y**2 - y + 2. Let t be k(2). Suppose -204 = -7*z + t*z. Calculate the remainder when z is divided by 23.
22
Suppose -u + 39 = 2*q, q = -4*u + 13 - 4. What is the remainder when 61 is divided by q?
19
Suppose -3*g + 5 = -2*g, -5*w + 5*g + 10 = 0. What is the remainder whe